it of 19910?
1
What is the tens digit of 3062?
6
What is the ten thousands digit of 37474?
3
What is the units digit of 3333?
3
What is the hundreds digit of 75356?
3
What is the units digit of 8825?
5
What is the thousands digit of 3467?
3
What is the hundreds digit of 517?
5
What is the hundreds digit of 38879?
8
What is the units digit of 1129?
9
What is the hundreds digit of 3212?
2
What is the units digit of 1539?
9
What is the hundred thousands digit of 114800?
1
What is the tens digit of 5248?
4
What is the tens digit of 392?
9
What is the tens digit of 17452?
5
What is the tens digit of 8867?
6
What is the hundreds digit of 23433?
4
What is the thousands digit of 1835?
1
What is the tens digit of 1802?
0
What is the tens digit of 897?
9
What is the units digit of 3349?
9
What is the units digit of 1307?
7
What is the tens digit of 13985?
8
What is the hundreds digit of 1691?
6
What is the tens digit of 71510?
1
What is the hundreds digit of 80858?
8
What is the units digit of 55718?
8
What is the hundreds digit of 197?
1
What is the units digit of 7216?
6
What is the units digit of 11778?
8
What is the units digit of 52039?
9
What is the hundreds digit of 23643?
6
What is the tens digit of 4566?
6
What is the tens digit of 6675?
7
What is the ten thousands digit of 36448?
3
What is the thousands digit of 14920?
4
What is the hundreds digit of 20437?
4
What is the thousands digit of 1860?
1
What is the hundreds digit of 645?
6
What is the units digit of 445?
5
What is the hundreds digit of 474?
4
What is the units digit of 2553?
3
What is the hundreds digit of 962?
9
What is the ten thousands digit of 11610?
1
What is the thousands digit of 8420?
8
What is the tens digit of 37375?
7
What is the tens digit of 1170?
7
What is the tens digit of 6753?
5
What is the tens digit of 47?
4
What is the tens digit of 13721?
2
What is the units digit of 26711?
1
What is the tens digit of 50291?
9
What is the units digit of 84983?
3
What is the hundreds digit of 195?
1
What is the hundreds digit of 49205?
2
What is the tens digit of 4368?
6
What is the tens digit of 13674?
7
What is the tens digit of 5135?
3
What is the units digit of 6?
6
What is the units digit of 4366?
6
What is the hundreds digit of 13838?
8
What is the thousands digit of 2374?
2
What is the units digit of 394?
4
What is the units digit of 551?
1
What is the tens digit of 72074?
7
What is the ten thousands digit of 92737?
9
What is the units digit of 8100?
0
What is the tens digit of 31973?
7
What is the thousands digit of 15415?
5
What is the tens digit of 1512?
1
What is the units digit of 492?
2
What is the tens digit of 20837?
3
What is the hundreds digit of 1387?
3
What is the tens digit of 200?
0
What is the thousands digit of 1495?
1
What is the tens digit of 10954?
5
What is the hundreds digit of 14032?
0
What is the hundred thousands digit of 116653?
1
What is the units digit of 658?
8
What is the units digit of 947?
7
What is the hundreds digit of 15896?
8
What is the thousands digit of 5448?
5
What is the thousands digit of 3042?
3
What is the tens digit of 1918?
1
What is the thousands digit of 13044?
3
What is the hundreds digit of 69193?
1
What is the hundreds digit of 415?
4
What is the tens digit of 5078?
7
What is the thousands digit of 6422?
6
What is the units digit of 47?
7
What is the thousands digit of 2627?
2
What is the ten thousands digit of 48430?
4
What is the hundreds digit of 22768?
7
What is the ten thousands digit of 123526?
2
What is the units digit of 4983?
3
What is the hundreds digit of 1584?
5
What is the hundreds digit of 723?
7
What is the hundreds digit of 23604?
6
What is the tens digit of 385?
8
What is the hundreds digit of 702?
7
What is the hundreds digit of 11822?
8
What is the ten thousands digit of 153968?
5
What is the ten thousands digit of 120736?
2
What is the tens digit of 5141?
4
What is the tens digit of 9696?
9
What is the hundreds digit of 2448?
4
What is the thousands digit of 2058?
2
What is the thousands digit of 1708?
1
What is the units digit of 269?
9
What is the ten thousands digit of 35008?
3
What is the thousands digit of 27210?
7
What is the units digit of 18092?
2
What is the units digit of 164?
4
What is the hundreds digit of 13349?
3
What is the units digit of 15846?
6
What is the thousands digit of 28251?
8
What is the thousands digit of 32609?
2
What is the hundreds digit of 114?
1
What is the units digit of 9166?
6
What is the thousands digit of 12052?
2
What is the tens digit of 3727?
2
What is the hundreds digit of 2134?
1
What is the thousands digit of 5118?
5
What is the hundreds digit of 2796?
7
What is the hundreds digit of 238?
2
What is the thousands digit of 6646?
6
What is the hundreds digit of 755?
7
What is the units digit of 7223?
3
What is the tens digit of 429?
2
What is the thousands digit of 1608?
1
What is the hundreds digit of 2689?
6
What is the tens digit of 12485?
8
What is the tens digit of 194278?
7
What is the ten thousands digit of 87309?
8
What is the hundreds digit of 413?
4
What is the tens digit of 3404?
0
What is the tens digit of 100409?
0
What is the hundreds digit of 2878?
8
What is the units digit of 1607?
7
What is the thousands digit of 1691?
1
What is the hundreds digit of 3256?
2
What is the hundreds digit of 903?
9
What is the tens digit of 2794?
9
What is the units digit of 8414?
4
What is the hundreds digit of 5954?
9
What is the tens digit of 680?
8
What is the tens digit of 2173?
7
What is the ten thousands digit of 101627?
0
What is the thousands digit of 4907?
4
What is the hundreds digit of 2372?
3
What is the thousands digit of 4549?
4
What is the tens digit of 1918?
1
What is the units digit of 172?
2
What is the thousands digit of 1536?
1
What is the hundreds digit of 209?
2
What is the hundreds digit of 2028?
0
What is the hundreds digit of 1156?
1
What is the units digit of 550?
0
What is the tens digit of 22048?
4
What is the hundreds digit of 22910?
9
What is the thousands digit of 3701?
3
What is the units digit of 125021?
1
What is the units digit of 78374?
4
What is the ten thousands digit of 181080?
8
What is the thousands digit of 1946?
1
What is the tens digit of 163?
6
What is the units digit of 2984?
4
What is the thousands digit of 1530?
1
What is the hundreds digit of 15777?
7
What is the hundreds digit of 1703?
7
What is the units digit of 483?
3
What is the tens digit of 2152?
5
What is the thousands digit of 5545?
5
What is the tens digit of 75?
7
What is the units digit of 224?
4
What is the thousands digit of 14963?
4
What is the units digit of 43695?
5
What is the thousands digit of 81539?
1
What is the ten thousands digit of 12468?
1
What is the ten thousands digit of 61218?
6
What is the ten thousands digit of 14273?
1
What is the hundreds digit of 90731?
7
What is the tens digit of 14286?
8
What is the ten thousands digit of 22458?
2
What is the units digit of 5236?
6
What is the thousands digit of 14879?
4
What is the thousands digit of 5637?
5
What is the units digit of 32534?
4
What is the units digit of 7859?
9
What is the hundreds digit of 5546?
5
What is the units digit of 27?
7
What is the tens digit of 22089?
8
What is the tens digit of 8872?
7
What is the units digit of 4099?
9
What is the ten thousands digit of 18081?
1
What is the units digit of 2290?
0
What is the thousands digit of 59714?
9
What is the units digit of 53878?
8
What is the units digit of 167395?
5
What is the tens digit of 1065?
6
What is the units digit of 1491?
1
What is the hundreds digit of 6283?
2
What is the tens digit of 5578?
7
What is the tens digit of 6829?
2
What is the thousands digit of 5723?
5
What is the thousands digit of 8672?
8
What is the thousands digit of 26545?
6
What is the units digit of 3982?
2
What is the thousands digit of 143477?
3
What is the units digit of 948?
8
What is the units digit of 6959?
9
What is the hundreds digit of 992?
9
What is the thousands digit of 6460?
6
What is the tens digit of 33294?
9
What is the units digit of 6176?
6
What is the tens digit of 485?
8
What is the tens digit of 210?
1
What is the hundreds digit of 58416?
4
What is the hundreds digit of 14056?
0
What is the units digit of 1604?
4
What is 